{"version":"1.0","provider_name":"Elesi Luce","provider_url":"https:\/\/www.elesi-luce.com\/fr","title":"Milan Design Week 2026","type":"rich","width":600,"height":338,"html":"<blockquote class=\"wp-embedded-content\" data-secret=\"zoAMUr8EJ9\"><a href=\"https:\/\/www.elesi-luce.com\/fr\/milan-design-week-2026\/\">Milan Design Week 2026<\/a><\/blockquote><iframe sandbox=\"allow-scripts\" security=\"restricted\" src=\"https:\/\/www.elesi-luce.com\/fr\/milan-design-week-2026\/embed\/#?secret=zoAMUr8EJ9\" width=\"600\" height=\"338\" title=\"\u00ab\u00a0Milan Design Week 2026\u00a0\u00bb &#8212; Elesi Luce\" data-secret=\"zoAMUr8EJ9\" frameborder=\"0\" marginwidth=\"0\" marginheight=\"0\" scrolling=\"no\" class=\"wp-embedded-content\"><\/iframe><script>\n\/*! This file is auto-generated *\/\n!function(d,l){\"use strict\";l.querySelector&&d.addEventListener&&\"undefined\"!=typeof URL&&(d.wp=d.wp||{},d.wp.receiveEmbedMessage||(d.wp.receiveEmbedMessage=function(e){var t=e.data;if((t||t.secret||t.message||t.value)&&!\/[^a-zA-Z0-9]\/.test(t.secret)){for(var s,r,n,a=l.querySelectorAll('iframe[data-secret=\"'+t.secret+'\"]'),o=l.querySelectorAll('blockquote[data-secret=\"'+t.secret+'\"]'),c=new RegExp(\"^https?:$\",\"i\"),i=0;i<o.length;i++)o[i].style.display=\"none\";for(i=0;i<a.length;i++)s=a[i],e.source===s.contentWindow&&(s.removeAttribute(\"style\"),\"height\"===t.message?(1e3<(r=parseInt(t.value,10))?r=1e3:~~r<200&&(r=200),s.height=r):\"link\"===t.message&&(r=new URL(s.getAttribute(\"src\")),n=new URL(t.value),c.test(n.protocol))&&n.host===r.host&&l.activeElement===s&&(d.top.location.href=t.value))}},d.addEventListener(\"message\",d.wp.receiveEmbedMessage,!1),l.addEventListener(\"DOMContentLoaded\",function(){for(var e,t,s=l.querySelectorAll(\"iframe.wp-embedded-content\"),r=0;r<s.length;r++)(t=(e=s[r]).getAttribute(\"data-secret\"))||(t=Math.random().toString(36).substring(2,12),e.src+=\"#?secret=\"+t,e.setAttribute(\"data-secret\",t)),e.contentWindow.postMessage({message:\"ready\",secret:t},\"*\")},!1)))}(window,document);\n\/\/# sourceURL=https:\/\/www.elesi-luce.com\/fr\/wp-includes\/js\/wp-embed.min.js\n<\/script>\n","thumbnail_url":"https:\/\/www.elesi-luce.com\/fr\/wp-content\/uploads\/sites\/4\/2026\/04\/elesi-luce-milano-design-week-2026-top.jpg","thumbnail_width":1200,"thumbnail_height":514,"description":"Un \u00e9v\u00e9nement international incontournable. M\u00eame si Euroluce reviendra en 2027, nous ne pouvions pas manquer l\u2019un des rendez-vous les plus importants de la sc\u00e8ne internationale du design. Elesi sera l\u2019invit\u00e9 de Stocco au Salone del Mobile.Milano 2026. Une occasion unique de d\u00e9couvrir un projet o\u00f9 la lumi\u00e8re et le mobilier dialoguent en parfaite harmonie, donnant ... Lire la suite"}

Un événement international incontournable. Même si Euroluce reviendra en 2027, nous ne pouvions pas manquer l’un des rendez-vous les plus importants de la scène internationale du design. Elesi sera l’invité de Stocco au Salone del Mobile.Milano 2026. Une occasion unique de découvrir un projet où la lumière et le mobilier dialoguent en parfaite harmonie, donnant ... Lire la suite
